ate the greatest common divisor of 12 and y.
12
Let n = 23 + -7. What is the greatest common factor of n and 16?
16
Suppose -h - 55 = -135. Calculate the highest common factor of h and 32.
16
Let l = -47 + 54. Let g = 5 - 7. Let f be -1 + g/4*-4. Calculate the greatest common factor of f and l.
1
Let u be (285/6)/((-1)/(-2)). Let h = u - 55. Let w be (-65)/(-4) + 3/(-12). What is the greatest common divisor of h and w?
8
Suppose -79*f + 68 = -75*f. Calculate the highest common factor of f and 17.
17
Suppose 4*f + w + 13 = -0*w, -2*f - 3*w = 9. Let u be 1 - (-4)/(-12)*f. Calculate the highest common factor of u and 4.
2
Suppose 0 = 2*n - 0 - 32. Suppose 9 = 5*x - n. Let y be (5/2)/(2/12). What is the highest common divisor of y and x?
5
Let z be 1/2*-2 + 5. Let o be (z - 2)*21/2. Let f = 76 + -73. What is the highest common divisor of f and o?
3
Let z = 25 + -22. Calculate the highest common factor of 2 and z.
1
Let j = 2 - 1. Let h(p) = -15*p - 7*p + j - p. Let s be h(-1). Calculate the greatest common factor of s and 3.
3
Let z(d) = 10*d + 3. Let j be z(6). What is the greatest common divisor of 9 and j?
9
Suppose 3*d = -d + 24. Calculate the greatest common divisor of d and 30.
6
Let x be 1/(-3)*(-1 - 80). Let s = x + 29. Calculate the highest common divisor of s and 7.
7
Suppose 2*p - 140 = 5*b - 580, 5*b - 425 = -p. Suppose 0 = k - 3*f - 78 - 16, f = -k + b. What is the greatest common divisor of k and 11?
11
Suppose p - t - 71 = -2*p, 4*p - 4*t - 84 = 0. Calculate the greatest common divisor of p and 225.
25
Let g(v) = -6*v**2 + 2 + 4*v**3 + 2*v**2 - v + 4*v - 3*v**3. Let x be g(4). What is the highest common factor of x and 14?
14
Let t(m) = -2*m + 82. Let c be t(20). Calculate the highest common divisor of 14 and c.
14
Suppose 1775 - 449 = 6*h. Calculate the greatest common factor of 17 and h.
17
Let u be 4/18 + 28/36. What is the greatest common divisor of u and 1?
1
Suppose 11*a - 217 = 443. Calculate the greatest common factor of 12 and a.
12
Suppose -3*j + 4*p + 79 = -0*j, 2*j = -p + 49. Calculate the highest common factor of 15 and j.
5
Let v = -20 + 22. Suppose 0 = -v*n + 5 + 3. Let p be -2 - -9 - (1 + 0). What is the highest common factor of p and n?
2
Suppose 2*v + 4 = 6*v. Let t be ((-88)/24)/(v/(-3)). Let y = 39 + -28. What is the highest common divisor of y and t?
11
Let z(k) = k + 5. Let p be z(0). Suppose 4*w + 20 = 8*w. What is the greatest common factor of w and p?
5
Let f = 1 - -2. Let l(q) = -q**3 + 2*q**3 + 5*q**3 - 3*q**f. Let w be l(2). Calculate the highest common factor of w and 6.
6
Let f = -16 + 24. What is the greatest common divisor of 72 and f?
8
Suppose 0 = 3*s + 2*s - 150. Let g(q) = -q**2 - 2*q + 20. Let v be g(-6). Let b be (s/(-4))/(3/v). What is the highest common divisor of b and 20?
10
Let r be (1 - -1*(4 + -6)) + 16. Calculate the highest common divisor of 3 and r.
3
Let s = -6 - -7. Let w be -88*(-3)/6*s. Suppose 12 = -a + 4*a. What is the greatest common divisor of w and a?
4
Let u(w) = w**2 - 2. Let o be u(-2). Calculate the highest common factor of o and 10.
2
Suppose 2*x = -3*a + 112, -4*a + 0*a + 134 = -5*x. Let b be 1/(-3) + 74/6. Let h be b - (2 - 2/1). What is the highest common factor of a and h?
12
Suppose -5*w + 764 = 114. Let g = -67 + w. Calculate the highest common factor of g and 9.
9
Suppose 5*q = -2*t + 63, 6 = 3*q - q. What is the greatest common divisor of t and 16?
8
Let v(s) = -s**3 - 7*s**2 - 9*s - 8. Let j be v(-6). Let n(m) = 4*m**2 - 5*m + 6. Let b be n(4). Calculate the greatest common divisor of b and j.
10
Suppose 15 = 4*w - 33. What is the highest common divisor of w and 36?
12
Let f(u) = -u + 75. Let i be f(0). Calculate the greatest common factor of 30 and i.
15
Let g(h) = -h + 13. Let p be g(0). Let d(f) = 4*f**2 + 2*f - 3. Let x be d(3). Calculate the highest common divisor of x and p.
13
Suppose -8*o = -4*o - 16. Suppose 0 = w - 5*w. Suppose a + 2*r - 2 = 17, 4*a + o*r - 80 = w. Calculate the highest common factor of 7 and a.
7
Let h(v) = 6*v**2 - 4. Let p be h(-2). Calculate the greatest common factor of 60 and p.
20
Let x be 2/7 - 38/(-14). What is the greatest common factor of x and 3?
3
Let j be (-6)/5*(-37 + -3). Calculate the highest common factor of j and 240.
48
Let f(d) = 4*d**2 + 2*d + 1. Let k be f(-1). Suppose k*h + 16 = h. Let s(b) = -b**3 - 8*b**2 + 4. Let n be s(h). What is the highest common factor of n and 44?
4
Let t be 30/9*(-168)/(-20). Let j be t/((-2)/(-1)) - 0. Let n be (42/8)/(1/4). What is the highest common factor of n and j?
7
Let j(n) = -n**2 + 10. Let f be j(0). Let v = f - 9. Calculate the greatest common factor of 11 and v.
1
Let j(v) be the third derivative of v**5/60 - v**4/24 - 2*v**3/3 + v**2. Let c be j(-3). Let b = 14 - c. Calculate the highest common divisor of 42 and b.
6
Suppose -2*o + 3*y + 15 = 0, 0 = -2*o - 3*y + 2*y + 35. What is the greatest common factor of o and 15?
15
Suppose 0 = 4*j - 26 - 22. What is the greatest common divisor of 12 and j?
12
Let i(m) = 6*m - 6. Let d be i(7). Calculate the highest common divisor of d and 9.
9
Suppose 76 = 2*c + 5*x, 0 = -c - 6*x + x + 43. Calculate the greatest common divisor of 3 and c.
3
Suppose 4*c + 99 = 2*f + 3, 162 = 3*f + 3*c. Calculate the highest common divisor of 78 and f.
26
Let m = -7 + 8. Let l be 1/2*(3 - m). Suppose l = 2*v - 3*y + 2, v = -y + 12. Calculate the highest common divisor of v and 1.
1
Let m = -15 + 24. Calculate the greatest common divisor of 9 and m.
9
Let m be ((-1)/2)/(10/60). Let h be (1/m)/(3/(-189)). Calculate the greatest common factor of 3 and h.
3
Let k(l) = l - 12. Let u be k(9). Let c be u/((-3)/2) - 2. Let y = 4 + c. What is the greatest common factor of 16 and y?
4
Let d = -228 + 382. What is the greatest common divisor of 22 and d?
22
Let u be (-3 - -3) + 0 + 0. Suppose -y - 1 - 1 = u. Let l be (0 - 2)*(y - 4). What is the greatest common factor of l and 84?
12
Suppose -4*t + 20 = 2*j - 6*t, j = -t. Calculate the highest common divisor of 1 and j.
1
Let g be 10/(-4)*6/(-5). Let s(q) = 11*q - 9. Let h be s(6). Suppose -h + 177 = 5*y. Calculate the highest common factor of y and g.
3
Let d(w) = -3*w**2 - 3 - w**2 + 5*w**2 + 3*w. Let m be d(3). Suppose 30 = 3*q - m. What is the greatest common factor of q and 120?
15
Suppose -2*j + 2 = -4. Suppose j*y - 24 = -0*f - 4*f, 2 = 2*f + 4*y. Let d be ((-3)/f)/((-1)/39). Calculate the highest common factor of 52 and d.
13
Let j(c) = -4*c - 4. Let r be j(-4). Suppose 4*q = m + r, 0 = 2*q - 6*q + 4*m. Calculate the greatest common factor of 4 and q.
4
Suppose -d - 2*i - 15 = 3*i, 4*d + 15 = -5*i. Suppose 0*x - 2 = x, u + 4*x - 2 = d. Calculate the greatest common divisor of u and 15.
5
Let g = -3 - -3. Let a be g + -1*5*-8. Let r = a - 20. What is the greatest common factor of 10 and r?
10
Let h = 144 - 81. Let b = 39 - 18. Calculate the greatest common divisor of b and h.
21
Let m be 0 + -3 + -2 + 41. What is the greatest common factor of m and 252?
36
Let c = 4 - -12. Let w(m) = 177*m - 1. Let i be w(1). Calculate the greatest common factor of i and c.
16
Let c be (-2)/(-2) + 0/2. Let f be 1/2*-2*-2. Suppose -u + 3 - f = 0. Calculate the highest common divisor of c and u.
1
Let c be ((-1)/(-2))/(2/4). Let m be c/(-3) + (-40)/(-3). Let s = 179 + -127. What is the greatest common factor of s and m?
13
Suppose 8*i - 70 = 3*i. Calculate the greatest common divisor of i and 2.
2
Let f(w) be the second derivative of -5*w**3/3 - w**2/2 - 2*w. Let q be f(-1). Let i = 192 + -111. Calculate the highest common divisor of q and i.
9
Suppose 0*d = 5*d - 240. Suppose -d = 2*j - 3*j. Let r = 10 - -2. Calculate the greatest common factor of j and r.
12
Let h be 5/6*2/6*18. Calculate the greatest common divisor of 15 and h.
5
Let o = 18 - 9. Calculate the highest common factor of 18 and o.
9
Let d = 158 - 83. Let q = -4 + -16. Let f = -5 - q. Calculate the greatest common factor of d and f.
15
Suppose c = -3*u + 38, -3*u + 11 - 37 = -c. What is the highest common divisor of c and 8?
8
Suppose n - 4*n - 5*g = -11, 0 = 3*n - g - 5. Suppose 2*j + 4*w - 176 = 0, -n*j + 215 = 2*w + 37. What is the highest common factor of j and 18?
18
Let v be -5 + -2 + 100 - 6. Suppose 0*y - 238 = -4*x + 3*y, -4*x = y - 230. What is t